{"id":109,"date":"2024-01-16T16:13:31","date_gmt":"2024-01-16T16:13:31","guid":{"rendered":"https:\/\/hypertrophytenerife.es\/?product=glutamine-lgm-micronized-500-g"},"modified":"2025-06-06T09:26:19","modified_gmt":"2025-06-06T09:26:19","slug":"glutamine-lgm-micronized-500-g","status":"publish","type":"product","link":"https:\/\/hypertrophytenerife.es\/?product=glutamine-lgm-micronized-500-g","title":{"rendered":"GLUTAMINE LGM MICRONIZED | GLUTAMINA MICRONIZADA EN POLVO | 500 G"},"content":{"rendered":"","protected":false},"excerpt":{"rendered":"<p><img decoding=\"async\" src=\"https:\/\/www.hypertrophynutrition.com\/img\/m\/4-small_default.jpg\" alt=\"Soul Project\" \/><\/p>\n<p>Optimiza tu construcci\u00f3n muscular con nuestra L-Glutamina micronizada en polvo. Este amino\u00e1cido esencial desempe\u00f1a una funci\u00f3n vital como el mayor y m\u00e1s natural anticatab\u00f3lico, protegiendo tu masa muscular durante per\u00edodos de estr\u00e9s f\u00edsico intenso. Con la garant\u00eda de su patente registrada, puedes confiar en que nuestra L-Glutamina micronizada proporciona una protecci\u00f3n completa de la masa muscular, ayud\u00e1ndote a mantener y desarrollar tus m\u00fasculos de manera eficaz. A\u00f1ade este poderoso suplemento a tu rutina diaria y lleva tu entrenamiento al siguiente nivel.<\/p>\n","protected":false},"featured_media":110,"comment_status":"closed","ping_status":"closed","template":"","meta":[],"product_brand":[],"product_cat":[21],"product_tag":[],"class_list":{"0":"post-109","1":"product","2":"type-product","3":"status-publish","4":"has-post-thumbnail","6":"product_cat-soul-project","8":"first","9":"instock","10":"purchasable","11":"product-type-simple"},"_links":{"self":[{"href":"https:\/\/hypertrophytenerife.es\/index.php?rest_route=\/wp\/v2\/product\/109","targetHints":{"allow":["GET"]}}],"collection":[{"href":"https:\/\/hypertrophytenerife.es\/index.php?rest_route=\/wp\/v2\/product"}],"about":[{"href":"https:\/\/hypertrophytenerife.es\/index.php?rest_route=\/wp\/v2\/types\/product"}],"replies":[{"embeddable":true,"href":"https:\/\/hypertrophytenerife.es\/index.php?rest_route=%2Fwp%2Fv2%2Fcomments&post=109"}],"wp:featuredmedia":[{"embeddable":true,"href":"https:\/\/hypertrophytenerife.es\/index.php?rest_route=\/wp\/v2\/media\/110"}],"wp:attachment":[{"href":"https:\/\/hypertrophytenerife.es\/index.php?rest_route=%2Fwp%2Fv2%2Fmedia&parent=109"}],"wp:term":[{"taxonomy":"product_brand","embeddable":true,"href":"https:\/\/hypertrophytenerife.es\/index.php?rest_route=%2Fwp%2Fv2%2Fproduct_brand&post=109"},{"taxonomy":"product_cat","embeddable":true,"href":"https:\/\/hypertrophytenerife.es\/index.php?rest_route=%2Fwp%2Fv2%2Fproduct_cat&post=109"},{"taxonomy":"product_tag","embeddable":true,"href":"https:\/\/hypertrophytenerife.es\/index.php?rest_route=%2Fwp%2Fv2%2Fproduct_tag&post=109"}],"curies":[{"name":"wp","href":"https:\/\/api.w.org\/{rel}","templated":true}]}}