{"id":1165,"date":"2025-09-23T10:37:21","date_gmt":"2025-09-23T10:37:21","guid":{"rendered":"https:\/\/hypertrophytenerife.es\/?post_type=product&#038;p=1165"},"modified":"2025-11-28T22:27:32","modified_gmt":"2025-11-28T22:27:32","slug":"neox-pre-workout-pre-eentrenamiento-400gr","status":"publish","type":"product","link":"https:\/\/hypertrophytenerife.es\/?product=neox-pre-workout-pre-eentrenamiento-400gr","title":{"rendered":"NEOX PRE WORKOUT | PRE-ENTRENAMIENTO | 400GR"},"content":{"rendered":"<p><b>BENEFICIOS<\/b><br \/>\n&#8211; Estimulante de la concentraci\u00f3n mental<\/p>\n<p>&#8211; Aumenta la energ\u00eda y la potencia<\/p>\n<p>&#8211; Mejora nivel de fuerza y resistencia<\/p>\n<p>&#8211; Favorece la construcci\u00f3n del m\u00fasculo<\/p>\n<p>&#8211; Aumenta el volumen corporal<\/p>\n<p>&#8211; Mejora la actividad muscular<\/p>\n<p>&#8211; Combate la fatiga y el cansancio<\/p>\n<p><b>MODO DE EMPLEO<\/b><\/p>\n<p>Tomar una toma de 20gr mezclados con agua, antes del entrenamiento , preferiblemente con el est\u00f3mago vac\u00edo.<\/p>\n<p><b><br \/>\nINGREDIENTES<br \/>\n<\/b><\/p>\n<p>1gr Bicarbonato de sodio, 1gr Creatina monohidrato, 500mg Creatina Ethil Ester, 150mg Creatina Magnapower\u00ae, 1.5gr L-Taurina, 450mg Beta Alanina, 500mg L-Citrulina, 1.4gr L-Arginina alfa keto glutarato, 250mg L-Arginina Base, 200mg Cafe\u00edna natural pura<\/p>\n","protected":false},"excerpt":{"rendered":"<p><img decoding=\"async\" class=\"\" src=\"https:\/\/www.hypertrophynutrition.com\/img\/m\/1-small_default.jpg\" alt=\"Hypertrophy Nutrition\" width=\"72\" height=\"72\" \/><\/p>\n<p>Prep\u00e1rate para llevar tu entrenamiento al siguiente nivel con nuestra f\u00f3rmula pre-entrenamiento de alto rendimiento. Con una combinaci\u00f3n de ingredientes potentes como 1gr bicarbonato de sodio, varias formas de creatina (monohidrato, Etil Ester y Magnapower\u00ae), 1.5gr l-taurina, 450mg beta-alanina, 500mg l-Citrulina, 1.4gr l-arginina alfa keto glutarato, 250mg l-arginina base y 200 mg cafe\u00edna natural pura en polvo, nuestra f\u00f3rmula est\u00e1 dise\u00f1ada para aumentar al m\u00e1ximo la actividad muscular antes del ejercicio. La ingesta de esta f\u00f3rmula proporciona una explosi\u00f3n de energ\u00eda, mejora la fuerza y resistencia, y estimula la concentraci\u00f3n mental. Prep\u00e1rate para superar tus l\u00edmites y alcanzar tus objetivos con nuestra f\u00f3rmula pre-entrenamiento de calidad superior.<\/p>\n","protected":false},"featured_media":1168,"comment_status":"open","ping_status":"closed","template":"","meta":[],"product_brand":[],"product_cat":[26],"product_tag":[],"class_list":{"0":"post-1165","1":"product","2":"type-product","3":"status-publish","4":"has-post-thumbnail","6":"product_cat-hypertrophy","7":"pa_sabores-fruit-punch","8":"pa_sabores-tropical-bleu","10":"first","11":"instock","12":"shipping-taxable","13":"purchasable","14":"product-type-variable"},"_links":{"self":[{"href":"https:\/\/hypertrophytenerife.es\/index.php?rest_route=\/wp\/v2\/product\/1165","targetHints":{"allow":["GET"]}}],"collection":[{"href":"https:\/\/hypertrophytenerife.es\/index.php?rest_route=\/wp\/v2\/product"}],"about":[{"href":"https:\/\/hypertrophytenerife.es\/index.php?rest_route=\/wp\/v2\/types\/product"}],"replies":[{"embeddable":true,"href":"https:\/\/hypertrophytenerife.es\/index.php?rest_route=%2Fwp%2Fv2%2Fcomments&post=1165"}],"wp:featuredmedia":[{"embeddable":true,"href":"https:\/\/hypertrophytenerife.es\/index.php?rest_route=\/wp\/v2\/media\/1168"}],"wp:attachment":[{"href":"https:\/\/hypertrophytenerife.es\/index.php?rest_route=%2Fwp%2Fv2%2Fmedia&parent=1165"}],"wp:term":[{"taxonomy":"product_brand","embeddable":true,"href":"https:\/\/hypertrophytenerife.es\/index.php?rest_route=%2Fwp%2Fv2%2Fproduct_brand&post=1165"},{"taxonomy":"product_cat","embeddable":true,"href":"https:\/\/hypertrophytenerife.es\/index.php?rest_route=%2Fwp%2Fv2%2Fproduct_cat&post=1165"},{"taxonomy":"product_tag","embeddable":true,"href":"https:\/\/hypertrophytenerife.es\/index.php?rest_route=%2Fwp%2Fv2%2Fproduct_tag&post=1165"}],"curies":[{"name":"wp","href":"https:\/\/api.w.org\/{rel}","templated":true}]}}