{"id":1185,"date":"2025-10-16T16:34:57","date_gmt":"2025-10-16T16:34:57","guid":{"rendered":"https:\/\/hypertrophytenerife.es\/?post_type=product&#038;p=1185"},"modified":"2025-10-26T18:06:26","modified_gmt":"2025-10-26T18:06:26","slug":"smoothies-oatmeal-2kg-harina-de-avena-con-sabor","status":"publish","type":"product","link":"https:\/\/hypertrophytenerife.es\/?product=smoothies-oatmeal-2kg-harina-de-avena-con-sabor","title":{"rendered":"SMOOTHIES OATMEAL 2KG | HARINA DE AVENA CON SABOR"},"content":{"rendered":"<h3><b>\u00bfQu\u00e9 beneficios aporta\u00a0Smoothies Oatmeal?<\/b><\/h3>\n<p>&#8211; Carbohidratos de bajo \u00edndice gluc\u00e9mico<\/p>\n<p>&#8211; Aportan energ\u00eda sostenida<\/p>\n<p>&#8211; Es el combustible perfecto para empezar el d\u00eda<\/p>\n<p>&#8211; Excelente fuente de fibra soluble<\/p>\n<p>&#8211; Aporta un completo perfil nutricional<\/p>\n<p>&#8211; Cereales ricos en prote\u00ednas y carbohidratos<\/p>\n<p>&#8211; \u00d3ptima asimilaci\u00f3n digestiva<\/p>\n<p>&#8211; Libre de az\u00facar<\/p>\n<p>&#8211; Proporciona fuerza y energ\u00eda<\/p>\n<p>&#8211; Aporta sensaci\u00f3n de saciedad<\/p>\n<p>&#8211; Mejora en rendimiento deportivo<\/p>\n<p>&#8211; Deliciosos sabores y textura<\/p>\n<p>&#8211; Uso muy vers\u00e1til<\/p>\n<p><strong>MODO DE EMPLEO<\/strong><\/p>\n<p>Aunque por su aporte energ\u00e9tico es ideal para empezar el d\u00eda, puedes a\u00f1adir 2 cucharadas grandes (100 g) a tu batido de prote\u00ednas para alimentar tus objetivos de post-entrenamiento. Tambi\u00e9n es ideal para realizar postres y meriendas como tortitas, galletas, o bizcochos saludables.<\/p>\n","protected":false},"excerpt":{"rendered":"<p><img decoding=\"async\" class=\"\" src=\"https:\/\/www.hypertrophynutrition.com\/img\/m\/3-small_default.jpg\" alt=\"Menufitness\" width=\"75\" height=\"75\" \/><\/p>\n<p>Disfruta de la deliciosa experiencia de la harina de avena natural en polvo con nuestros exquisitos sabores. Nutritiva y f\u00e1cil de preparar, esta vers\u00e1til harina es perfecta para una amplia variedad de recetas, desde batidos energ\u00e9ticos hasta delicias de reposter\u00eda. \u00a1Triunfar\u00e1s sea cual sea el uso que les des! Prueba nuestras variedades de sabores y descubre c\u00f3mo nuestra harina de avena puede elevar tus comidas y snacks diarios. \u00a1Una vez que lo pruebes, seguro que repetir\u00e1s!<\/p>\n","protected":false},"featured_media":1188,"comment_status":"open","ping_status":"closed","template":"","meta":[],"product_brand":[],"product_cat":[24],"product_tag":[],"class_list":{"0":"post-1185","1":"product","2":"type-product","3":"status-publish","4":"has-post-thumbnail","6":"product_cat-menufitness","7":"pa_sabores-vainilla","8":"pa_sabores-chocolate-blanco","9":"pa_sabores-napolitana","10":"pa_sabores-cookies","11":"pa_sabores-chocolate-brownie","13":"first","14":"instock","15":"shipping-taxable","16":"purchasable","17":"product-type-variable"},"_links":{"self":[{"href":"https:\/\/hypertrophytenerife.es\/index.php?rest_route=\/wp\/v2\/product\/1185","targetHints":{"allow":["GET"]}}],"collection":[{"href":"https:\/\/hypertrophytenerife.es\/index.php?rest_route=\/wp\/v2\/product"}],"about":[{"href":"https:\/\/hypertrophytenerife.es\/index.php?rest_route=\/wp\/v2\/types\/product"}],"replies":[{"embeddable":true,"href":"https:\/\/hypertrophytenerife.es\/index.php?rest_route=%2Fwp%2Fv2%2Fcomments&post=1185"}],"wp:featuredmedia":[{"embeddable":true,"href":"https:\/\/hypertrophytenerife.es\/index.php?rest_route=\/wp\/v2\/media\/1188"}],"wp:attachment":[{"href":"https:\/\/hypertrophytenerife.es\/index.php?rest_route=%2Fwp%2Fv2%2Fmedia&parent=1185"}],"wp:term":[{"taxonomy":"product_brand","embeddable":true,"href":"https:\/\/hypertrophytenerife.es\/index.php?rest_route=%2Fwp%2Fv2%2Fproduct_brand&post=1185"},{"taxonomy":"product_cat","embeddable":true,"href":"https:\/\/hypertrophytenerife.es\/index.php?rest_route=%2Fwp%2Fv2%2Fproduct_cat&post=1185"},{"taxonomy":"product_tag","embeddable":true,"href":"https:\/\/hypertrophytenerife.es\/index.php?rest_route=%2Fwp%2Fv2%2Fproduct_tag&post=1185"}],"curies":[{"name":"wp","href":"https:\/\/api.w.org\/{rel}","templated":true}]}}