{"id":685,"date":"2025-06-01T17:10:43","date_gmt":"2025-06-01T17:10:43","guid":{"rendered":"https:\/\/hypertrophytenerife.es\/?post_type=product&#038;p=685"},"modified":"2025-10-26T14:02:00","modified_gmt":"2025-10-26T14:02:00","slug":"l-carnitine-3000mg-aminoacido-1-litro","status":"publish","type":"product","link":"https:\/\/hypertrophytenerife.es\/?product=l-carnitine-3000mg-aminoacido-1-litro","title":{"rendered":"L CARNITINE 3000MG | AMINO\u00c1CIDO | 1 LITRO"},"content":{"rendered":"","protected":false},"excerpt":{"rendered":"<p><img decoding=\"async\" class=\"\" src=\"https:\/\/www.hypertrophynutrition.com\/img\/m\/4-small_default.jpg\" alt=\"Soul Project\" width=\"77\" height=\"77\" \/><\/p>\n<p><b>L-carnitina l\u00edquida (3000 mg por toma) + vitamina B6.\u00a0<\/b>El papel de este amino\u00e1cido es vital en el metabolismo de las grasas: su ingesta promueve la utilizaci\u00f3n de los l\u00edpidos como fuente de energ\u00eda,<b>\u00a0<\/b>potenciando su oxidaci\u00f3n, excelente quemador de grasas para utilizar en tus entrenamientos de cardio y fuerza sin ning\u00fan excitante que te ponga nervioso.<\/p>\n","protected":false},"featured_media":114,"comment_status":"closed","ping_status":"closed","template":"","meta":[],"product_brand":[],"product_cat":[21],"product_tag":[],"class_list":{"0":"post-685","1":"product","2":"type-product","3":"status-publish","4":"has-post-thumbnail","6":"product_cat-soul-project","8":"first","9":"instock","10":"purchasable","11":"product-type-simple"},"_links":{"self":[{"href":"https:\/\/hypertrophytenerife.es\/index.php?rest_route=\/wp\/v2\/product\/685","targetHints":{"allow":["GET"]}}],"collection":[{"href":"https:\/\/hypertrophytenerife.es\/index.php?rest_route=\/wp\/v2\/product"}],"about":[{"href":"https:\/\/hypertrophytenerife.es\/index.php?rest_route=\/wp\/v2\/types\/product"}],"replies":[{"embeddable":true,"href":"https:\/\/hypertrophytenerife.es\/index.php?rest_route=%2Fwp%2Fv2%2Fcomments&post=685"}],"wp:featuredmedia":[{"embeddable":true,"href":"https:\/\/hypertrophytenerife.es\/index.php?rest_route=\/wp\/v2\/media\/114"}],"wp:attachment":[{"href":"https:\/\/hypertrophytenerife.es\/index.php?rest_route=%2Fwp%2Fv2%2Fmedia&parent=685"}],"wp:term":[{"taxonomy":"product_brand","embeddable":true,"href":"https:\/\/hypertrophytenerife.es\/index.php?rest_route=%2Fwp%2Fv2%2Fproduct_brand&post=685"},{"taxonomy":"product_cat","embeddable":true,"href":"https:\/\/hypertrophytenerife.es\/index.php?rest_route=%2Fwp%2Fv2%2Fproduct_cat&post=685"},{"taxonomy":"product_tag","embeddable":true,"href":"https:\/\/hypertrophytenerife.es\/index.php?rest_route=%2Fwp%2Fv2%2Fproduct_tag&post=685"}],"curies":[{"name":"wp","href":"https:\/\/api.w.org\/{rel}","templated":true}]}}